hat are the prime factors of m?
5
Let b(m) = 2*m - 8. Let q be b(6). Suppose -q*p + 9 - 1 = 0. Suppose y + a + p = 0, 5*y = -2*a - a - 2. What are the prime factors of y?
2
Let g = 8 - -7. Let d(l) = l**2 + 6*l + 8. Let o be d(-8). Let h = o - g. List the prime factors of h.
3
Suppose -16 + 0 = -4*u. Suppose n + 126 = u*n. What are the prime factors of -2 - (-3)/(9/n)?
2, 3
Suppose -2*y = -7*y + 5. Let l = 1 + y. Suppose -l*h + 15 = z - 7, -4*h + 44 = -4*z. What are the prime factors of h?
11
Suppose 2*b - 6 = -3*p, -3*p - b + 3 = -4*p. Suppose 0 = -p*g - g + 21. What are the prime factors of g?
3, 7
Let x = -13 + 18. Suppose -2*p + 68 = f - 3*p, -x*p = 2*f - 101. Suppose -j + 2 = 4*i, 5*j - f + 17 = -2*i. What are the prime factors of j?
2, 5
Let j(p) = -32*p + 1. Let f be j(-1). Suppose 0 = -2*a + 3*b + 17, 5*a + 3*b - f = 2*a. List the prime factors of a.
2, 5
Suppose -18 = -5*z + 2*z. List the prime factors of (z/9)/(2/36).
2, 3
Let g be (-4)/(-8) - 258/(-4). Suppose 2*i - g = -3*i. What are the prime factors of i?
13
Let i = 10 - 6. Let q be (26/i)/((-1)/(-2)). Let c = -6 + q. List the prime factors of c.
7
Suppose 0 = -u + 5 + 11. List the prime factors of u.
2
Let j = -63 - -111. Suppose 4*a + 0*a = -j. List the prime factors of (28/6)/((-8)/a).
7
Let g = -3 - -8. Suppose i + 3*i = -g*f - 2, 2*f + 5 = -3*i. What are the prime factors of -1 - (f + 1 + -17)?
13
Suppose 2*c - 3*v = 19, 17 = -c + 5*v + 44. Suppose -3*d + c*u + 22 + 32 = 0, 0 = 2*u - 6. What are the prime factors of d?
2, 5
Suppose -2*b = -0*b. Let f(x) be the third derivative of -x**4/24 + 3*x**3 + 20*x**2. What are the prime factors of f(b)?
2, 3
Let w(n) = -15*n + 3. What are the prime factors of w(-4)?
3, 7
Let i(l) = -4*l + 5*l - 3*l + l**2 + 1. Let v be ((-5)/2)/(1/(-2)). List the prime factors of i(v).
2
Suppose 6*q = 10*q - 128. List the prime factors of q.
2
Let c(m) = m**2 - 7*m + 8. Let r be c(6). Suppose -l + r = -0*l. List the prime factors of (3/(-9))/(l/(-54)).
3
Let q(h) = -h**2 - 2*h + 50. What are the prime factors of q(0)?
2, 5
Let w = 5 - 7. What are the prime factors of (w/(-4))/(1/12)?
2, 3
Suppose -220 = -6*n + n. What are the prime factors of n?
2, 11
Let r = -15 + 15. Suppose r = -2*w + 6*w + 2*d - 42, 3*w = -2*d + 34. What are the prime factors of w?
2
Let r be 18/(-3)*2/4. Let y = 14 + r. What are the prime factors of y?
11
Let c = -4 + 9. Let k(y) = y**3 - 5*y**2 + 4. Let n be k(c). Suppose -3*x - 19 = -4*a + 2*a, 0 = -3*a - n*x + 20. List the prime factors of a.
2
Let j(v) = -3*v. Let m be j(-1). Let r(a) = 5*a - 2 + a**3 - a + m*a - 7*a**2. List the prime factors of r(6).
2
Let r = 141 + -94. What are the prime factors of r?
47
Let s(l) = -l**2 + 3*l + 3. Let t(v) = -2*v**2 + 7*v + 5. Let u(h) = -5*s(h) + 2*t(h). What are the prime factors of u(5)?
3, 5
Let i(l) = 12*l + 4 + 2*l + 4*l. Let r be i(4). Suppose 2*d = -0*d - 8, -4*d - r = -3*k. List the prime factors of k.
2, 5
List the prime factors of (150 - 5) + 0 + 1.
2, 73
Let l(p) = 3*p**2 + p - 12. List the prime factors of l(5).
2, 17
Let f be -8*1 - (-3 - -4). What are the prime factors of 346/18 - (-2)/f?
19
Let l(x) = x**2 + 12*x + 16. Let g be l(-11). Let z be (1 + -2)*(2 + 1). Let r = z + g. What are the prime factors of r?
2
Suppose 4*l + x - 45 = 0, l = 4*l + 2*x - 30. Suppose -58 + l = -2*w. List the prime factors of w.
23
Let w be -80*(-4)/(-10)*-2. Suppose 4*p = 2*p + w. List the prime factors of p.
2
Let s = -38 + 42. List the prime factors of s.
2
Let l be 4/(-12)*1*-3. Suppose p + l = 3. What are the prime factors of 15/p - (-5)/10?
2
Let t(d) = d**2 + 5*d + 5. Let s be t(-5). Suppose s*f + 28 - 3 = 0. List the prime factors of f/(-1)*-1*-3.
3, 5
Let s = 6 + -12. Let q(o) = -o - 4. Let j be q(s). Let f = j + 0. What are the prime factors of f?
2
Let k(z) = -2*z - 8. Let f be k(-8). What are the prime factors of 12/f*200/15?
2, 5
Let s(q) = -4*q - 3. Suppose 5*f + 5*z - 3*z = 2, f + 2*z - 2 = 0. Let d be (1 - 3) + f/(-2). What are the prime factors of s(d)?
5
Let l(y) = 6*y - 10. List the prime factors of l(10).
2, 5
Let v = -61 - -105. Suppose 0*x - r = 2*x - v, 5*r = -x + 40. What are the prime factors of x?
2, 5
Suppose -2*c = 3*n - 188, n = -2*c - 0*c + 188. What are the prime factors of c?
2, 47
Suppose 2 = -6*t + 4*t. List the prime factors of 55*((-3)/5 - t).
2, 11
Suppose 0 = 10*l - 30 - 90. What are the prime factors of l?
2, 3
Let u(m) = m**3 + 13*m**2 + 16*m + 16. Let g be u(-11). Suppose -g + 2 = -5*o. List the prime factors of o.
2
Suppose -5*c - 3*u + 22 - 6 = 0, -2*c - 4*u + 12 = 0. Suppose -5*h - c*g + 70 = 0, 5*g = -5*h + 43 + 42. List the prime factors of h.
2, 3
Let n = 142 - 97. What are the prime factors of n?
3, 5
Suppose 0 = -4*s - 0*s. Suppose -m - 1 = -s*m, -n + 16 = 2*m. Let j = n - 12. What are the prime factors of j?
2, 3
Suppose 5*y + 0*y = 60. Suppose -i + y = 3*i. List the prime factors of i.
3
Suppose -5*z - 456 - 909 = 0. Let v be (2/3)/((-7)/z). Suppose -2*t + v = -3*w, -3*t + 4*w - 17 + 55 = 0. What are the prime factors of t?
2, 5
Let o(x) = -5*x + 32. What are the prime factors of o(5)?
7
Suppose m - 25 = -4*m. List the prime factors of (-1)/m + 132/10.
13
Suppose 3*h - 127 + 4 = 0. List the prime factors of h.
41
Suppose -2*d - 4*v = -22, -5*v + 11 = 2*d - 13. What are the prime factors of d?
7
Let a = -26 + 18. Let d = 16 + a. What are the prime factors of d/(-20) - (-174)/10?
17
Let o = -3 + 15. List the prime factors of (-2)/((-14)/o - -1).
2, 3
Let i(y) = -15*y - 21. List the prime factors of i(-7).
2, 3, 7
Let l(a) = 19*a**2 + a - 2. Let k be l(-2). Suppose -5*r - 5*x + 70 = 0, 4*r - 2*x - 2*x = k. Let z = -7 + r. What are the prime factors of z?
3
Let t(w) = 2*w**3 - 4*w**2 + 3*w - 2. Let j = 3 - 1. Let c be t(j). Suppose 3*d + 19 = 6*d + c*p, -3*p = -3*d + 12. What are the prime factors of d?
5
Let l(k) = k**2 + 3*k - 3. Let t be l(-3). Let r(c) = c**2 + 3*c - 3. Let u be r(t). What are the prime factors of u/(-6)*(-1 + 7)?
3
Let f be 1 + 1 + 2 + -2. Suppose -3*d - 1 = -x, 3*x - 14 = f*d - 4*d. What are the prime factors of (15 - d) + 1 + 1?
2
Suppose -k - 2*k = 2*t + 7, -t - 6 = 2*k. Suppose -51 = -5*c - 4*z, -c - t*z - 48 = -5*c. List the prime factors of c.
11
Let r(a) = a + 16. Let l be r(-12). Suppose 0*p - 2*p + l*o = -14, 8 = 2*p - o. Suppose -32 = k - p*k. List the prime factors of k.
2
Suppose t - 2*f + 3*f - 83 = 0, 3*f = 12. Let g = t - 54. What are the prime factors of g?
5
Let x = 27 - 7. Suppose 0 = g + y - 6*y - x, -16 = -5*g + 4*y. Suppose 0 = -2*p - 6, p = -3*i - g*p + 15. What are the prime factors of i?
2, 3
Let f(r) = -2*r**3 + r**2 + 5*r - 14. Let m(c) = c**3 - 3*c + 7. Let o(p) = -3*f(p) - 7*m(p). List the prime factors of o(-5).
13
Let p be (-7)/(28/8) + 12. Suppose 23 + p = m. List the prime factors of m.
3, 11
Let z(x) = -x**2 - 7*x - 4. Suppose v = i + 14 + 2, -3*i + v = 38. Let g = i - -5. List the prime factors of z(g).
2
Let j = 3 - 5. Let t = -20 + j. Let q = -10 - t. What are the prime factors of q?
2, 3
Let b be 0*(2 + -3 + 0). Let j(t) = 2 + b + t + 3. What are the prime factors of j(7)?
2, 3
Suppose 0 = -4*m - 5*y + 395, -4*m + 405 = -7*y + 2*y. What are the prime factors of m?
2, 5
Let u be (-2)/(-5) + 24/(-10). Let j be -2 + 1 - (u - -2). What are the prime factors of (j - (-2 + 2)) + 13?
2, 3
Suppose p - 3 = 4*f, f = 4*p - 124 + 52. What are the prime factors of p?
19
Let g(r) = r + 0*r + 15 + 0*r + 0*r. List the prime factors of g(-7).
2
Suppose -5*o + 199 + 21 = 0. Suppose 0 = -w + 5*w - o. What are the prime factors of w?
11
What are the prime factors of (-6 - 128)/((-6)/3)?
67
Let m be (3 + 0)*(-10)/(-6). Suppose 0 = m*k + 10, -29 = -3*z - k + 5*k. List the prime factors of z.
7
Let f(t) = 3*t**2 + t - 2. What are the prime factors of f(-3)?
2, 11
Let w = -4 - -11. Let a = w + -1. Suppose 2*j = 16 - a. List the prime factors of j.
5
Let w(b) = -3*b**2 + 2*b + 2. Let a be w(2). Let m be (-22)/(-6) + (-2)/a. Suppose -3*y = -3*c - 42, 3*c - m*c = 5*y - 46. List the prime factors of y.
2, 5
Let u be (0 - 1)/((-1)/3). Suppose u*z = 4*v - 77, -40 = -2*v + 3*z - z. Let h = 33 - v. What are the prime factors of h?
2
Let k(p) = -p**2 + p + 10. Let r be k(0). What are the prime factors of (-5)/r - (-